{"id":7,"date":"2023-06-01T14:13:28","date_gmt":"2023-06-01T14:13:28","guid":{"rendered":"http:\/\/www.arsyttavanpirtea.fi\/?page_id=7"},"modified":"2023-07-07T18:27:05","modified_gmt":"2023-07-07T16:27:05","slug":"__trashed","status":"publish","type":"page","link":"https:\/\/www.arsyttavanpirtea.fi\/","title":{"rendered":"Ai kuka?!"},"content":{"rendered":"\t\t<div data-elementor-type=\"wp-page\" data-elementor-id=\"7\" class=\"elementor elementor-7\">\n\t\t\t\t\t\t<section class=\"elementor-section elementor-top-section elementor-element elementor-element-4eb6252d elementor-section-boxed elementor-section-height-default elementor-section-height-default\" data-id=\"4eb6252d\" data-element_type=\"section\">\n\t\t\t\t\t\t<div class=\"elementor-container elementor-column-gap-default\">\n\t\t\t\t\t<div class=\"elementor-column elementor-col-100 elementor-top-column elementor-element elementor-element-16466cdd\" data-id=\"16466cdd\" data-element_type=\"column\">\n\t\t\t<div class=\"elementor-widget-wrap elementor-element-populated\">\n\t\t\t\t\t\t<div class=\"elementor-element elementor-element-6e0403e7 elementor-widget elementor-widget-text-editor\" data-id=\"6e0403e7\" data-element_type=\"widget\" data-widget_type=\"text-editor.default\">\n\t\t\t\t<div class=\"elementor-widget-container\">\n\t\t\t\t\t\t\t\t\t<p><\/p>\n<p>Emmi, perusluonteeltaan \u00c4rsytt\u00e4v\u00e4n Pirte\u00e4 ihminen. Tarkoituksena ja el\u00e4m\u00e4nteht\u00e4v\u00e4n\u00e4 jakaa t\u00e4t\u00e4 olotilaa <span style=\"color: var( --e-global-color-text ); font-weight: var( --e-global-typography-text-font-weight );\">muillekin, ettei tarvitsisi ihan itsekseen villiinty\u00e4. Punaisena lankana tekemisess\u00e4 on ihmisten hyvinvoinnin\u00a0<\/span><span style=\"color: var( --e-global-color-text ); font-weight: var( --e-global-typography-text-font-weight );\">lis\u00e4\u00e4minen, kunnon kohottaminen ja ilostuttaminen. Kun keho voi aidosti hyvin, se n\u00e4kyy my\u00f6s ulosp\u00e4in.<\/span><\/p>\n<p>Maailmassa on ihan riitt\u00e4v\u00e4sti jo istumista, on aika nousta yl\u00f6s, piristy\u00e4, aktivoitua ja vahvistua!<\/p>\n<p><span style=\"color: var( --e-global-color-text ); font-weight: var( --e-global-typography-text-font-weight );\">Silloin, kun Emmi ei jumppaa, h\u00e4n seikkailee. Kulkee ymp\u00e4ri maita ja mantuja patikoiden tai retkipakulla\u00a0<\/span><span style=\"color: var( --e-global-color-text ); font-weight: var( --e-global-typography-text-font-weight );\">huristellen. Luonto ja uusien el\u00e4myksien kokeminen ja n\u00e4keminen n\u00e4yttelev\u00e4t t\u00e4rke\u00e4\u00e4 osaa Emmin\u00a0<\/span><span style=\"color: var( --e-global-color-text ); font-weight: var( --e-global-typography-text-font-weight );\">el\u00e4m\u00e4ss\u00e4, n\u00e4it\u00e4 el\u00e4myksi\u00e4 on my\u00f6s mukava tarjota muille.<\/span><\/p>\n<p><span style=\"color: var( --e-global-color-text ); font-weight: var( --e-global-typography-text-font-weight );\">Tsekkaa Emmin YouTube-kanava <a href=\"https:\/\/www.youtube.com\/channel\/UCPvHaLvSz0iYD2x13zNbsEw\">t\u00e4\u00e4lt\u00e4<\/a>.<\/span><\/p>\n<p><\/p>\t\t\t\t\t\t\t\t<\/div>\n\t\t\t\t<\/div>\n\t\t\t\t\t<\/div>\n\t\t<\/div>\n\t\t\t\t\t<\/div>\n\t\t<\/section>\n\t\t\t\t<section class=\"elementor-section elementor-top-section elementor-element elementor-element-9b6b9e9 elementor-section-boxed elementor-section-height-default elementor-section-height-default\" data-id=\"9b6b9e9\" data-element_type=\"section\">\n\t\t\t\t\t\t<div class=\"elementor-container elementor-column-gap-default\">\n\t\t\t\t\t<div class=\"elementor-column elementor-col-100 elementor-top-column elementor-element elementor-element-fb52557\" data-id=\"fb52557\" data-element_type=\"column\">\n\t\t\t<div class=\"elementor-widget-wrap elementor-element-populated\">\n\t\t\t\t\t\t<div class=\"elementor-element elementor-element-bc0ab44 elementor-widget elementor-widget-spacer\" data-id=\"bc0ab44\" data-element_type=\"widget\" data-widget_type=\"spacer.default\">\n\t\t\t\t<div class=\"elementor-widget-container\">\n\t\t\t\t\t\t\t<div class=\"elementor-spacer\">\n\t\t\t<div class=\"elementor-spacer-inner\"><\/div>\n\t\t<\/div>\n\t\t\t\t\t\t<\/div>\n\t\t\t\t<\/div>\n\t\t\t\t\t<\/div>\n\t\t<\/div>\n\t\t\t\t\t<\/div>\n\t\t<\/section>\n\t\t\t\t<section class=\"elementor-section elementor-top-section elementor-element elementor-element-2151066 elementor-section-boxed elementor-section-height-default elementor-section-height-default\" data-id=\"2151066\" data-element_type=\"section\">\n\t\t\t\t\t\t<div class=\"elementor-container elementor-column-gap-default\">\n\t\t\t\t\t<div class=\"elementor-column elementor-col-100 elementor-top-column elementor-element elementor-element-9feb7da\" data-id=\"9feb7da\" data-element_type=\"column\">\n\t\t\t<div class=\"elementor-widget-wrap elementor-element-populated\">\n\t\t\t\t\t\t<div class=\"elementor-element elementor-element-cfa569e elementor-widget elementor-widget-image\" data-id=\"cfa569e\" data-element_type=\"widget\" data-widget_type=\"image.default\">\n\t\t\t\t<div class=\"elementor-widget-container\">\n\t\t\t\t\t\t\t\t\t\t\t\t\t\t\t<img fetchpriority=\"high\" decoding=\"async\" width=\"950\" height=\"633\" src=\"https:\/\/www.arsyttavanpirtea.fi\/wp-content\/uploads\/2023\/06\/kumarrus-1024x682-1.jpg\" class=\"attachment-large size-large wp-image-25\" alt=\"\" srcset=\"https:\/\/www.arsyttavanpirtea.fi\/wp-content\/uploads\/2023\/06\/kumarrus-1024x682-1.jpg 1024w, https:\/\/www.arsyttavanpirtea.fi\/wp-content\/uploads\/2023\/06\/kumarrus-1024x682-1-300x200.jpg 300w, https:\/\/www.arsyttavanpirtea.fi\/wp-content\/uploads\/2023\/06\/kumarrus-1024x682-1-768x512.jpg 768w\" sizes=\"100vw\" \/>\t\t\t\t\t\t\t\t\t\t\t\t\t\t\t<\/div>\n\t\t\t\t<\/div>\n\t\t\t\t\t<\/div>\n\t\t<\/div>\n\t\t\t\t\t<\/div>\n\t\t<\/section>\n\t\t\t\t<section class=\"elementor-section elementor-top-section elementor-element elementor-element-eddf53d elementor-section-boxed elementor-section-height-default elementor-section-height-default\" data-id=\"eddf53d\" data-element_type=\"section\">\n\t\t\t\t\t\t<div class=\"elementor-container elementor-column-gap-default\">\n\t\t\t\t\t<div class=\"elementor-column elementor-col-100 elementor-top-column elementor-element elementor-element-9baec5a\" data-id=\"9baec5a\" data-element_type=\"column\">\n\t\t\t<div class=\"elementor-widget-wrap elementor-element-populated\">\n\t\t\t\t\t\t<div class=\"elementor-element elementor-element-ddda7c9 elementor-widget elementor-widget-spacer\" data-id=\"ddda7c9\" data-element_type=\"widget\" data-widget_type=\"spacer.default\">\n\t\t\t\t<div class=\"elementor-widget-container\">\n\t\t\t\t\t\t\t<div class=\"elementor-spacer\">\n\t\t\t<div class=\"elementor-spacer-inner\"><\/div>\n\t\t<\/div>\n\t\t\t\t\t\t<\/div>\n\t\t\t\t<\/div>\n\t\t\t\t\t<\/div>\n\t\t<\/div>\n\t\t\t\t\t<\/div>\n\t\t<\/section>\n\t\t\t\t<section class=\"elementor-section elementor-top-section elementor-element elementor-element-ab68bad elementor-section-boxed elementor-section-height-default elementor-section-height-default\" data-id=\"ab68bad\" data-element_type=\"section\">\n\t\t\t\t\t\t<div class=\"elementor-container elementor-column-gap-default\">\n\t\t\t\t\t<div class=\"elementor-column elementor-col-100 elementor-top-column elementor-element elementor-element-b409dcc\" data-id=\"b409dcc\" data-element_type=\"column\">\n\t\t\t<div class=\"elementor-widget-wrap elementor-element-populated\">\n\t\t\t\t\t\t<div class=\"elementor-element elementor-element-2cdd697 elementor-widget elementor-widget-spacer\" data-id=\"2cdd697\" data-element_type=\"widget\" data-widget_type=\"spacer.default\">\n\t\t\t\t<div class=\"elementor-widget-container\">\n\t\t\t\t\t\t\t<div class=\"elementor-spacer\">\n\t\t\t<div class=\"elementor-spacer-inner\"><\/div>\n\t\t<\/div>\n\t\t\t\t\t\t<\/div>\n\t\t\t\t<\/div>\n\t\t\t\t\t<\/div>\n\t\t<\/div>\n\t\t\t\t\t<\/div>\n\t\t<\/section>\n\t\t\t\t<section class=\"elementor-section elementor-top-section elementor-element elementor-element-f8081c3 elementor-section-boxed elementor-section-height-default elementor-section-height-default\" data-id=\"f8081c3\" data-element_type=\"section\">\n\t\t\t\t\t\t<div class=\"elementor-container elementor-column-gap-default\">\n\t\t\t\t\t<div class=\"elementor-column elementor-col-100 elementor-top-column elementor-element elementor-element-b84e039\" data-id=\"b84e039\" data-element_type=\"column\">\n\t\t\t<div class=\"elementor-widget-wrap\">\n\t\t\t\t\t\t\t<\/div>\n\t\t<\/div>\n\t\t\t\t\t<\/div>\n\t\t<\/section>\n\t\t\t\t<section class=\"elementor-section elementor-top-section elementor-element elementor-element-912e71f elementor-section-boxed elementor-section-height-default elementor-section-height-default\" data-id=\"912e71f\" data-element_type=\"section\">\n\t\t\t\t\t\t<div class=\"elementor-container elementor-column-gap-default\">\n\t\t\t\t\t<div class=\"elementor-column elementor-col-100 elementor-top-column elementor-element elementor-element-5d4580d\" data-id=\"5d4580d\" data-element_type=\"column\">\n\t\t\t<div class=\"elementor-widget-wrap elementor-element-populated\">\n\t\t\t\t\t\t<div class=\"elementor-element elementor-element-f58796a elementor-widget elementor-widget-heading\" data-id=\"f58796a\" data-element_type=\"widget\" data-widget_type=\"heading.default\">\n\t\t\t\t<div class=\"elementor-widget-container\">\n\t\t\t\t\t<h2 class=\"elementor-heading-title elementor-size-default\">T\u00e4st\u00e4 pieni kurkkaus <br>\u00c4rsytt\u00e4v\u00e4n Pirte\u00e4n IG-sivuille:<\/h2>\t\t\t\t<\/div>\n\t\t\t\t<\/div>\n\t\t\t\t\t<\/div>\n\t\t<\/div>\n\t\t\t\t\t<\/div>\n\t\t<\/section>\n\t\t\t\t<\/div>\n\t\t","protected":false},"excerpt":{"rendered":"<p>Emmi, perusluonteeltaan \u00c4rsytt\u00e4v\u00e4n Pirte\u00e4 ihminen. Tarkoituksena ja el\u00e4m\u00e4nteht\u00e4v\u00e4n\u00e4 jakaa t\u00e4t\u00e4 olotilaa muillekin, ettei tarvitsisi ihan itsekseen villiinty\u00e4. Punaisena lankana tekemisess\u00e4 on ihmisten hyvinvoinnin\u00a0lis\u00e4\u00e4minen, kunnon kohottaminen ja ilostuttaminen. Kun keho voi aidosti hyvin, se n\u00e4kyy my\u00f6s ulosp\u00e4in. Maailmassa on ihan riitt\u00e4v\u00e4sti jo istumista, on aika nousta yl\u00f6s, piristy\u00e4, aktivoitua ja vahvistua! Silloin, kun Emmi ei jumppaa, &hellip; <\/p>\n<p class=\"link-more\"><a href=\"https:\/\/www.arsyttavanpirtea.fi\/\" class=\"more-link\">Read more<span class=\"screen-reader-text\"> &#8221;Ai kuka?!&#8221;<\/span><\/a><\/p>\n","protected":false},"author":1,"featured_media":6,"parent":0,"menu_order":0,"comment_status":"closed","ping_status":"closed","template":"","meta":{"footnotes":"","inspiro_hide_title":false},"_links":{"self":[{"href":"https:\/\/www.arsyttavanpirtea.fi\/index.php\/wp-json\/wp\/v2\/pages\/7"}],"collection":[{"href":"https:\/\/www.arsyttavanpirtea.fi\/index.php\/wp-json\/wp\/v2\/pages"}],"about":[{"href":"https:\/\/www.arsyttavanpirtea.fi\/index.php\/wp-json\/wp\/v2\/types\/page"}],"author":[{"embeddable":true,"href":"https:\/\/www.arsyttavanpirtea.fi\/index.php\/wp-json\/wp\/v2\/users\/1"}],"replies":[{"embeddable":true,"href":"https:\/\/www.arsyttavanpirtea.fi\/index.php\/wp-json\/wp\/v2\/comments?post=7"}],"version-history":[{"count":24,"href":"https:\/\/www.arsyttavanpirtea.fi\/index.php\/wp-json\/wp\/v2\/pages\/7\/revisions"}],"predecessor-version":[{"id":110,"href":"https:\/\/www.arsyttavanpirtea.fi\/index.php\/wp-json\/wp\/v2\/pages\/7\/revisions\/110"}],"wp:featuredmedia":[{"embeddable":true,"href":"https:\/\/www.arsyttavanpirtea.fi\/index.php\/wp-json\/wp\/v2\/media\/6"}],"wp:attachment":[{"href":"https:\/\/www.arsyttavanpirtea.fi\/index.php\/wp-json\/wp\/v2\/media?parent=7"}],"curies":[{"name":"wp","href":"https:\/\/api.w.org\/{rel}","templated":true}]}}